= -62*u + 57*u. What is the units digit of u?
2
Let y(h) = 10*h**3 - 96*h**2 - 35*h - 22. Let v(j) = 3*j**3 - 32*j**2 - 11*j - 7. Let m(r) = -7*v(r) + 2*y(r). What is the units digit of m(32)?
9
Suppose -39192 = -4*h + 3*w, -5*h = 256*w - 258*w - 48997. What is the tens digit of h?
0
Let q(n) = -220*n + 21. Let u be q(-3). Suppose u = 2*y - 125. What is the hundreds digit of y?
4
Suppose -4*k = -2*i - 70, -4*k + 5*i = 8*i - 45. Suppose 3*c = k, 904 + 1280 = 3*n + 3*c. What is the units digit of n?
3
Let h = 230 + -1355. Let v be ((-1 - -2) + h)/(-2). Suppose -3*o - 109 = -v. What is the hundreds digit of o?
1
Let d(w) = -13*w + 38. Let y be d(-6). Suppose 4*t - 3*x - y = 0, x + 2 - 6 = 0. What is the units digit of t?
2
Suppose -w + 4482 = 5*n, 5*n - 4472 = w + 3*w. Let o = -489 + n. What is the units digit of o?
7
Let v = -197 + 220. Let y = -31 - -73. Suppose 5*t - v = y. What is the units digit of t?
3
Let t = 62 - 61. Let s be ((-715)/22)/(t/(-22)). Suppose -6*d + s = 253. What is the tens digit of d?
7
Let w(s) = -s**2 - 11*s - 13. Let p be w(-9). Suppose 2*a = 4*o + 184, 492 = p*a + 2*o - 4*o. What is the hundreds digit of a?
1
Suppose z + 20 - 17 = 0, -4*z = -2*w + 2268. What is the thousands digit of w?
1
Let b(t) = 16*t**2 - 5*t - 28. Let a be b(5). Suppose 0 = -3*s - v + a, -9*s + 4*v = -4*s - 584. What is the tens digit of s?
1
Suppose -o + 8 - 3 = 3*b, -3*b - 3*o + 9 = 0. What is the hundreds digit of -1*(1 + b) - -396?
3
Let c(q) = 480*q + 389. What is the tens digit of c(20)?
8
Let r(c) = 8*c - 18. Let d be r(4). Let b(l) = 63*l + 67. What is the units digit of b(d)?
9
Let a = -89 + 88. Let q(m) = -142*m**3 + 3*m**2 + 5*m + 3. Let f be q(a). Suppose -d - 122 = -o, 5*o = -3*d + 729 - f. What is the hundreds digit of o?
1
Let t = 6928 - -6538. What is the units digit of t?
6
Suppose 0 = 307*a - 299*a - 56888. What is the thousands digit of a?
7
Let a(s) = 77*s - 18. Suppose -x = b - 9, -26*b = -24*b - 2*x - 14. What is the hundreds digit of a(b)?
5
Let i be (1 + 88/20)*5. Let c = 47 - i. Suppose -4*l + c = 0, -3*l = 5*q - 11 - 119. What is the tens digit of q?
2
Let h = 7628 - 239. What is the hundreds digit of h?
3
Suppose -3*z = 5*t - 19321 - 20530, 3*t + 4*z = 23904. What is the hundreds digit of t?
9
Suppose -3*c = 3*d - 12507, 2*d + 8350 = 4*d - 2*c. What is the tens digit of d?
7
Let o(m) = -584*m - 5508. What is the units digit of o(-18)?
4
Let y(g) = -37*g + 11240. What is the units digit of y(136)?
8
Let r(b) = b**3 + 26*b**2 + 5*b - 49. Let i be r(-26). Let t be ((-64)/8)/(2/27). Let g = t - i. What is the units digit of g?
1
Let j be (-6)/(-4) - (-5655)/10. What is the tens digit of j/(-2)*9*(-20)/90?
6
Let p = -395 - -289. Let w = p + 410. What is the hundreds digit of w?
3
Let x = 679 - -1047. Let p = -803 + x. What is the units digit of p?
3
Suppose 3*z - 4 = -2*u + 3*u, -z + 2*u - 2 = 0. Suppose z*l = 6*l. Suppose -2*r + 172 + 22 = l. What is the tens digit of r?
9
Suppose h - 2 = 0, -9*y = h + h - 33043. What is the thousands digit of y?
3
Suppose 584 - 568 = -2*w. Let s(a) = -6*a + 43. Let j(o) = 5*o - 44. Let u(x) = 5*j(x) + 6*s(x). What is the tens digit of u(w)?
2
Let i = -9 - -41. Let m be i/208 - (-472)/(-26). What is the tens digit of 611/7 - m/(-63)?
8
Suppose 206487 = 4*a - 3*j + 10803, -5*j = -2*a + 97856. What is the thousands digit of a?
8
Let w(g) = -g**2 - 25*g - 52. Let j be w(-23). Let n be 10/(-4)*j/(-5). What is the units digit of (106/n)/(10/(-15))?
3
Suppose -13*t = -2*t - 1067. Let h = t + 10. What is the hundreds digit of h?
1
Let r(t) = t**2 + 69. Let q(f) = -f**2 - 2*f - 17. Let l be q(-4). Let p be (l/15)/(-5) + 1/(-3). What is the tens digit of r(p)?
6
Let o = -10893 + 25832. What is the tens digit of o?
3
Let l(m) = -351*m - 35. What is the units digit of l(-24)?
9
Let l = -2 + -181. Let s = l - -400. What is the tens digit of s?
1
Let g(q) = 468*q**2 - 184*q - 714. What is the thousands digit of g(-4)?
7
Let c(d) = 9*d**2 + 2*d**2 - 3*d + 5*d**2 - 33. What is the hundreds digit of c(-4)?
2
Suppose 10*l - 350 = -4*l. Suppose 0 = 5*y - 0*y - l. What is the units digit of y?
5
Let s = -6680 + 10497. What is the hundreds digit of s?
8
Let k(v) = -v**3 - 87*v**2 - 88*v - 498. What is the tens digit of k(-87)?
5
Let r(v) = 3 + 74 + 6*v - 80*v - v. What is the thousands digit of r(-13)?
1
Let j be ((3 + -3)/(-2))/(-2). Suppose -a + j*a + 184 = 0. Suppose -5*y + y = -a. What is the tens digit of y?
4
Let s = -2138 - -8862. What is the tens digit of s?
2
Let q be (53 - -3 - -3) + (-2 - 1). Suppose 0 = 3*l - 15 + 138. Let f = l + q. What is the tens digit of f?
1
Suppose -34181 - 33963 = -5*q - 8304. What is the hundreds digit of q?
9
Let h(v) = -v**3 - 8*v**2 + 14*v - 22. Let x be h(-12). Let n = 721 - x. What is the units digit of n?
5
What is the ten thousands digit of -11 + -2 + 4267708/124?
3
Let a(k) = 50 + 772*k**3 + 140*k - 143*k - 46. What is the tens digit of a(1)?
7
Let k(r) = 1485*r**2 - 1431*r - 7163. What is the hundreds digit of k(-5)?
1
Suppose -4*t + 20 = u, 14*t = -3*u + 18*t - 4. Suppose -7*h = -u*d - 10*h + 992, 2*d = h + 496. What is the tens digit of d?
4
Suppose 329*i = 295*i + 1249466. What is the thousands digit of i?
6
Let h(d) = d**3 - d**2 - 2*d + 1. Let o(v) = 4*v**3 - 29*v**2 - 23*v - 25. Let a(l) = 6*h(l) - o(l). What is the units digit of a(-9)?
7
Let q be (-1 - -1)/(18 - 17). Suppose q = -6*h - 183 - 345. Let k = h - -104. What is the units digit of k?
6
Let a(n) = -n**3 + 17*n**2 + 38*n + 23. Let z be a(19). Suppose z = 5*s - 7. Suppose -s*h = -796 + 262. What is the units digit of h?
9
Let b(x) = x**3 + 12*x**2 + 12*x + 14. Let f be b(-11). Let s(a) = 94*a - 5. What is the tens digit of s(f)?
7
Suppose 27*q = 24*q, -b + 53435 + 5825 = -5*q. What is the units digit of b?
0
Let o be (-5 + 7)/(-1 + 5/3). Suppose -4*g - 4*c = -1640, -o*g - 3*c - 2*c = -1226. What is the units digit of g?
2
Let x = 0 - -3. Let g(c) = 20*c - 2*c**2 + 3 - 15*c + 12*c**x - 17*c**3. What is the units digit of g(-4)?
1
Let m(c) = -3341*c - 48. Let h be m(-2). Suppose 8*j - 638 = h. What is the tens digit of j?
0
Let k(i) be the second derivative of 7*i**5/20 - i**4/3 - i**3/3 + 8*i**2 - i - 5. What is the hundreds digit of k(3)?
1
Suppose 0 = -z - 1, 220 = -2*c + 3*c - 3*z. Let w be (16/12)/(4/6). Suppose 3*r - 2*f = c, -w*r - 4*f + 128 = -2*f. What is the units digit of r?
9
Suppose o = 11*m - 12*m + 29471, -88371 = -3*o + 4*m. What is the hundreds digit of o?
4
Let v(d) = -d**2 - 16*d + 160. Let u be v(-23). What is the tens digit of (-2352)/(-8) + 1 + u?
9
Let z = -872 + 1396. Let s = z + -211. What is the units digit of s?
3
Suppose 0 = 4*m + 5*d - 20228 - 76235, 0 = d + 5. What is the ten thousands digit of m?
2
Let d(h) = 3*h + 36. Let t be d(-10). What is the tens digit of (8 - 3) + (-496)/t*-3?
5
Let s(g) = -g + 1. Let y(o) = o + 2. Let r(c) = -3*s(c) + 2*y(c). What is the tens digit of r(5)?
2
Let p(b) = 4*b - 3. Let x be (9 - 10)/(6/4 + -1). Let y(a) = a + 11. Let q be y(x). What is the units digit of p(q)?
3
Let g = 84875 + -55765. What is the ten thousands digit of g?
2
Let u(n) = n**3 - 22*n**2 + 4*n + 6500. What is the hundreds digit of u(0)?
5
Let l be (3/(-2))/(234/(-624)). Suppose l*q - 6177 = -3*n, 2*q - 3*n + 586 - 3679 = 0. What is the thousands digit of q?
1
Let w = 14443 - 7884. What is the units digit of w?
9
Suppose -2*u + 12540 = 4*g, 28*g - 32*g - 6252 = -u. What is the units digit of u?
4
Let p = -46 - -49. Suppose 0*f + 146 = f - 3*c, p*c + 292 = 2*f. What is the hundreds digit of f?
1
Let q = 48 + -44. Suppose -8 = -3*n - l, 5*n + 3*l = -l + q. Suppose 2*o + 1 + 3 = 0, -n*o = -4*a + 572. What is the hundreds digit of a?
1
Suppose 3*i - 57645 = -3*r, -10*i + 57669 = 3*r - 11*i. What is the units digit of r?
1
Let k = 894 + -219. Suppose 0 = -3*q - 3*a + k, 9*a = q + 7*a - 213. What is the tens digit of q?
2
What is the units digit of (-1)/8*(32 - -8684)*-6?
7
Let b be (-6)/(-10) - (-3)/(-5). Suppose 0 = -t - b + 2. Suppose -12 = -4*r, -f - 4*r = t*f - 597. What is the hundreds digit of f?
1
Let h be (-3)/9 + 866/6. Let w = h + 178. What is the hundreds digit of w?
3
Let z(s) = 999 - 3*s - 332 - 322. What is the units digit of z(0)?
5
Suppose 3*f = -9 + 18. S